 57788.
2, 14447
List the prime factors of 15899.
13, 1223
List the prime factors of 6009.
3, 2003
List the prime factors of 42230.
2, 5, 41, 103
What are the prime factors of 2182?
2, 1091
What are the prime factors of 7816?
2, 977
List the prime factors of 22225.
5, 7, 127
What are the prime factors of 149488?
2, 9343
List the prime factors of 47633.
19, 23, 109
What are the prime factors of 13411?
13411
List the prime factors of 35428.
2, 17, 521
List the prime factors of 4022.
2, 2011
List the prime factors of 5031.
3, 13, 43
List the prime factors of 9164.
2, 29, 79
What are the prime factors of 12298?
2, 11, 13, 43
What are the prime factors of 47897?
211, 227
What are the prime factors of 1461?
3, 487
List the prime factors of 7445.
5, 1489
What are the prime factors of 965?
5, 193
What are the prime factors of 41173?
11, 19, 197
List the prime factors of 38459.
38459
List the prime factors of 22341.
3, 11, 677
What are the prime factors of 587?
587
List the prime factors of 1927.
41, 47
List the prime factors of 28363.
113, 251
What are the prime factors of 393?
3, 131
What are the prime factors of 10471?
37, 283
What are the prime factors of 3377?
11, 307
What are the prime factors of 1302?
2, 3, 7, 31
List the prime factors of 1686.
2, 3, 281
What are the prime factors of 9336?
2, 3, 389
List the prime factors of 6929.
13, 41
List the prime factors of 9942.
2, 3, 1657
What are the prime factors of 2668?
2, 23, 29
List the prime factors of 2793.
3, 7, 19
List the prime factors of 3665.
5, 733
What are the prime factors of 9631?
9631
What are the prime factors of 6342?
2, 3, 7, 151
List the prime factors of 149.
149
What are the prime factors of 52255?
5, 7, 1493
What are the prime factors of 479?
479
List the prime factors of 3778.
2, 1889
What are the prime factors of 3503?
31, 113
List the prime factors of 13947.
3, 4649
List the prime factors of 54015.
3, 5, 13, 277
List the prime factors of 4260.
2, 3, 5, 71
List the prime factors of 65368.
2, 8171
List the prime factors of 3516.
2, 3, 293
What are the prime factors of 1320?
2, 3, 5, 11
List the prime factors of 303.
3, 101
List the prime factors of 404.
2, 101
List the prime factors of 11871.
3, 1319
What are the prime factors of 1433?
1433
What are the prime factors of 3094?
2, 7, 13, 17
List the prime factors of 214.
2, 107
List the prime factors of 26795.
5, 23, 233
List the prime factors of 16161.
3, 5387
List the prime factors of 1719.
3, 191
What are the prime factors of 1728?
2, 3
What are the prime factors of 86414?
2, 43207
What are the prime factors of 2563?
11, 233
What are the prime factors of 24954?
2, 3, 4159
What are the prime factors of 1894?
2, 947
List the prime factors of 1259.
1259
List the prime factors of 2606.
2, 1303
List the prime factors of 2486.
2, 11, 113
List the prime factors of 6742.
2, 3371
What are the prime factors of 35998?
2, 41, 439
What are the prime factors of 85953?
3, 7, 4093
List the prime factors of 4335.
3, 5, 17
List the prime factors of 10695.
3, 5, 23, 31
List the prime factors of 36336.
2, 3, 757
List the prime factors of 1349.
19, 71
List the prime factors of 3512.
2, 439
What are the prime factors of 28834?
2, 13, 1109
List the prime factors of 1280.
2, 5
What are the prime factors of 164?
2, 41
List the prime factors of 142636.
2, 13, 211
List the prime factors of 274.
2, 137
What are the prime factors of 12286?
2, 6143
List the prime factors of 1054.
2, 17, 31
List the prime factors of 1737.
3, 193
List the prime factors of 6082.
2, 3041
What are the prime factors of 92485?
5, 53, 349
What are the prime factors of 123537?
3, 41179
What are the prime factors of 27806?
2, 13903
List the prime factors of 2421.
3, 269
What are the prime factors of 21625?
5, 173
List the prime factors of 7443.
3, 827
List the prime factors of 23828.
2, 7, 23, 37
List the prime factors of 6059.
73, 83
What are the prime factors of 4732?
2, 7, 13
What are the prime factors of 134979?
3, 13, 3461
List the prime factors of 2223.
3, 13, 19
What are the prime factors of 6897?
3, 11, 19
List the prime factors of 495.
3, 5, 11
List the prime factors of 629.
17, 37
List the prime factors of 153.
3, 17
List the prime factors of 4220.
2, 5, 211
List the prime factors of 41893.
41893
What are the prime factors of 19284?
2, 3, 1607
List the prime factors of 34446.
2, 3, 5741
What are the prime factors of 3515?
5, 19, 37
List the prime factors of 9697.
9697
What are the prime factors of 4830?
2, 3, 5, 7, 23
What are the prime factors of 43931?
197, 223
What are the prime factors of 11940?
2, 3, 5, 199
List the prime factors of 916.
2, 229
What are the prime factors of 109?
109
List the prime factors of 15333.
3, 19, 269
List the prime factors of 49525.
5, 7, 283
What are the prime factors of 2561?
13, 197
What are the prime factors of 4214?
2, 7, 43
List the prime factors of 26736.
2, 3, 557
List the prime factors of 738.
2, 3, 41
What are the prime factors of 8297?
8297
List the prime factors of 1393.
7, 199
What are the prime factors of 766?
2, 383
List the prime factors of 3678.
2, 3, 613
List the prime factors of 1371.
3, 457
List the prime factors of 63.
3, 7
What are the prime factors of 1825?
5, 73
List the prime factors of 5503.
5503
List the prime factors of 3434.
2, 17, 101
List the prime factors of 7745.
5, 1549
List the prime factors of 814.
2, 11, 37
List the prime factors of 6948.
2, 3, 193
What are the prime factors of 4173?
3, 13, 107
List the prime factors of 17879.
19, 941
What are the prime factors of 16200?
2, 3, 5
List the prime factors of 1279.
1279
List the prime factors of 1042.
2, 521
List the prime factors of 75761.
7, 79, 137
List the prime factors of 108552.
2, 3, 4523
List the prime factors of 290.
2, 5, 29
List the prime factors of 119.
7, 17
What are the prime factors of 3080?
2, 5, 7, 11
List the prime factors of 353.
353
What are the prime factors of 54?
2, 3
List the prime factors of 1065.
3, 5, 71
List the prime factors of 7157.
17, 421
List the prime factors of 17747.
17747
What are the prime factors of 2784?
2, 3, 29
What are the prime factors of 8817?
3, 2939
List the prime factors of 1057.
7, 151
List the prime factors of 4625.
5, 37
What are the prime factors of 3051?
3, 113
List the prime factors of 815.
5, 163
List the prime factors of 6662.
2, 3331
List the prime factors of 757.
757
What are the prime factors of 51931?
11, 4721
List the prime factors of 5732.
2, 1433
What are the prime factors of 1801?
1801
What are the prime factors of 2610?
2, 3, 5, 29
List the prime factors of 1858.
2, 929
List the prime factors of 4658.
2, 17, 137
What are the prime factors of 1831?
1831
List the prime factors of 32881.
131, 251
What are the prime factors of 10264?
2, 1283
List the prime factors of 2935.
5, 587
What are the prime factors of 62633?
62633
What are the prime factors of 70031?
13, 5387
What are the prime factors of 1368?
2, 3, 19
List the prime factors of 66.
2, 3, 11
List the prime factors of 83021.
61, 1361
What are the prime factors of 29934?
2, 3, 1663
List the prime factors of 84841.
37, 2293
List the prime factors of 18281.
101, 181
What are the prime factors of 502?
2, 251
What are the prime factors of 3459?
3, 1153
List the prime factors of 4690.
2, 5, 7, 67
List the prime factors of 1120.
2, 5, 7
What are the prime factors of 5132?
2, 1283
What are the prime factors of 1791?
3, 199
What are the prime factors of 24309?
3, 37, 73
List the prime factors of 50258.
2, 13, 1933
What are the prime factors of 8329?
8329
What are the prime factors of 373?
373
What are the prime factors of 454?
2, 227
List the prime factors of 20100.
2, 3, 5, 67
List the prime factors of 25312.
2, 7, 113
List the prime factors of 3754.
2, 1877
List the prime factors of 4256.
2, 7, 19
What are the prime factors of 58286?
2, 151, 193
What are the prime factors of 49454?
2, 79, 313
What are the prime factors of 23144?
2, 11, 263
What are the prime factors of 51717?
3, 17239
What are the prime factors of 17441?
107, 163
List the prime factors of 19708.
2, 13, 379
List the prime factors of 1005.
3, 5, 67
What are the prime factors of 15287?
15287
What are the prime factors of 10085?
5, 2017
List the prime factors of 1723.
1723
What are the